third derivative of 5/24*g**4 - 6*g**2 + 1/60*g**5 + 7 + 0*g + 5/6*g**3. Give r(-5).
5
Let a(t) = t**2 + 7*t - 13. Let n(d) = 33 + 5*d - 6*d + 8*d. Suppose -b - 17 = 79*o - 77*o, 0 = 4*o - 4*b + 4. Let f be n(o). Determine a(f).
5
Let b(c) = c**3 - 6*c**2 + 5*c - 5. Suppose 399 = 175*p - 388 - 263. Give b(p).
25
Suppose -122*s + 28 = -118*s, -6*z + 32 = 2*s. Suppose x - 5*b = 22, b = 5*x - 2*x - 10. Let u(c) = c**2 - 1 + 0*c - x*c + c. What is u(z)?
5
Let b = 790 + -807. Let u(j) = 15*j + 261. Determine u(b).
6
Let f(j) = 29*j**3 - 6*j**2 + j + 10. Let m(h) = 26*h**3 - 6*h**2 + 2*h + 11. Let l(o) = -9*f(o) + 10*m(o). Calculate l(-8).
60
Let c(f) = 7*f**2 - 12*f - 86. Let r(i) = 6*i**2 - 11*i - 73. Let n(y) = -5*c(y) + 6*r(y). Let m be (-50)/(-8) - (-2)/(-8). Give n(m).
-8
Let b be -11 + 29 + -6 + -11. Let n(h) = 27*h + 1. What is n(b)?
28
Suppose -4*h + 3*d = -26, -d = 4*h - 18 - 0. Let z be (h - 7)/(1 - 2). Let u(b) = -3*b + 3*b**2 + 4*b + 4 - 2*b - z*b**2. Give u(0).
4
Let x(s) = 1. Let n(z) = z + 2. Suppose -3*r = 2*r - 5. Let k(v) = r*n(v) + 3*x(v). Let m = 262 + -267. Give k(m).
0
Suppose -3*w + 2 = 2*l, 4*l = -4*w + 3*l + 6. Let y(m) = 6 + w*m - m + 6 - 17. Give y(10).
5
Let j be (-1 + -8)/((-50)/40 + 2). Let k(v) = -v**2 - 8*v + 50. Give k(j).
2
Let p(z) be the third derivative of z**6/120 - z**5/6 - 7*z**4/8 - 17*z**3/3 + 163*z**2 - 2. Give p(12).
2
Let o(r) = -3 - r - r**2 + 19*r - 7*r. Suppose 0 = -3*i + 7 + 8. Suppose -23 = i*h - 73. Give o(h).
7
Let a(z) be the second derivative of z**6/120 - z**5/10 - z**4/24 + 4*z**3/3 - 129*z**2/2 + 17*z - 5. Let g(q) be the first derivative of a(q). Give g(6).
2
Suppose -10 = 2*a + k, -2*a + 4627*k = 4630*k + 26. Let g(q) = -81*q**2 + q + 3. Calculate g(a).
-79
Let l(y) = -y**2 - 7*y - 10. Let w(x) = 52*x - 4. Let f be w(2). Suppose 24*z + f = 4*z. Give l(z).
0
Let q(n) = -3*n - 2. Let d be 2 - 45/(7 - 2). Determine q(d).
19
Let o(k) = k**2 + 10*k + 9. Let g be 3/(4*(-21)/280). Let s be (-7 + 21)*5/g. Determine o(s).
-12
Let k(b) = b**3 + 13*b**2 + 10*b - 28. Let l be k(-12). Let c be 10*(-40)/64 + (-1)/l. Let n(x) = -x**2 - 7*x - 8. Give n(c).
-2
Let u(x) = x**3 + 6*x**2 + 4*x - 5. Suppose 0 = 5*s + 20, -2*s - 20 = 18*d - 14*d. Give u(d).
10
Let i(l) = -4 + 3*l - 11 - l + 32. Let g(a) = 16*a - 40. Let y be g(2). What is i(y)?
1
Let g = 3749 + -3756. Let i(a) = a**2 + 22*a + 106. Give i(g).
1
Let b(c) = 23 + 6 + 7*c - 87 + 15 + 15. Determine b(7).
21
Let c(d) = 2*d + 6. Suppose 10*t = 6*t - 80. Let l = t - -11. Let y = l - -14. Give c(y).
16
Let n(s) be the second derivative of -s**3/2 - 65*s**2/2 + s + 4. Let u be n(-22). Let o(t) be the second derivative of t**3/6 - t**2 - 11*t. Calculate o(u).
-1
Let c = 33 + -31. Let s(d) = -87*d - 83*d + 167*d + 3. Give s(c).
-3
Let k(l) be the first derivative of 5*l**2/2 + 15*l + 70. Let j(b) = -b - 3. Let d(n) = -6*j(n) - k(n). Let s = 6 + -12. Give d(s).
-3
Suppose r + 3*z - 2 + 13 = 0, z + 5 = 0. Let k(l) = l**3 + r*l**3 - 2 + 6*l**2 - 4*l**3. Let t be (0/(-4) - -1)*(-42)/7. Calculate k(t).
-2
Suppose 4*d = -2*n + 30, -2*d - 3 = -5*d. Let y(b) = 2*b**2 - 23*b - 32. Let q be y(n). Let r(i) = 7 - 9 + 2 + q*i**2. What is r(-1)?
7
Let o(n) = -3007*n + 9041. Let a be o(3). Let r(f) = 6*f**2 - 122*f + 34. What is r(a)?
-6
Let v(i) = 405*i**2 + 2*i + 2. Let s be v(-1). Let m = s + -402. Let z(u) = -u + 3. Determine z(m).
0
Let p(n) = -48965*n**2 + 48988*n**2 + 46*n - 3*n**3 + 70 + 4*n**3. What is p(-21)?
-14
Let c = 41 + -39. Suppose -y + 3*w = 7*w - 5, -5*w = -c*y - 16. Let o(v) = 3*v**2 + 4*v + 4. Give o(y).
19
Let z(x) = 5 - 18 + 9*x + 1 + x**2. Suppose 2*w + 52 = -3*w - 2*m, -3*w - 4*m = 34. Calculate z(w).
-2
Let s(m) = 6*m - 4*m + 7 - 3*m**3 + 5*m - 5*m**2 + m**3 + 3*m**2. What is s(-3)?
22
Let q(x) = -474*x + 15. Let j(a) = -212*a + 7. Let l(f) = -9*j(f) + 4*q(f). Calculate l(-6).
-75
Let q be (3/21)/(2/7)*-54. Let o be (q/(-18))/(12/32). Let i(x) = -x + 9. Determine i(o).
5
Let v(g) = g + 2. Let w be v(0). Let h = -4780 - -4782. Let a(z) = 21 - 14 - 2*z**w - z**h - z + 2*z**2. What is a(-5)?
-13
Let x(u) = -613*u - 15. Let f(g) = -334*g - 8. Let l(j) = -11*f(j) + 6*x(j). Calculate l(1).
-6
Let k = -3934 + 3919. Let u(c) = c**3 + 17*c**2 + 31*c + 12. What is u(k)?
-3
Suppose -2*f - 7*m + 9*m + 106 = 0, 0 = 4*m - 12. Let k be 22/2 - 14/(f/12). Let o(g) = g**3 - 9*g**2 + 9*g. Give o(k).
8
Let q(u) = 76 - 75 + 168364*u - 168354*u. Suppose -3*h + 4*h + 1 = 0. Give q(h).
-9
Let j(z) = 165*z - 295. Let f be j(12). Suppose f - 1643 = -7*t. Let v(q) = q**3 + 8*q**2 + 6*q - 7. What is v(t)?
29
Let r(x) = x - 4. Let k = 184 - 184. Suppose k = -t - 5. Give r(t).
-9
Let n(j) be the first derivative of -8/3*j**3 + 114 - 9*j + 13/2*j**2 + 1/4*j**4. Give n(6).
-3
Let u(r) = -62 + 3*r**2 + 17*r - 21*r - 2*r**2 + 57. Let j(o) = -2*o**2 + 4*o + 9. Let g be j(5). Let k = g + 26. What is u(k)?
0
Let v(l) be the first derivative of 11*l**2 + 169*l + 3033. What is v(-8)?
-7
Let t(p) = 29*p - 3. Suppose -5*k = -12*l + 11*l + 23, -4*l = k + 13. Calculate t(l).
-61
Let d(x) = -7*x**3 + 8*x**2 - 10*x + 22. Let h(i) = 10*i**3 - 11*i**2 + 15*i - 32. Let y(s) = 7*d(s) + 5*h(s). Give y(0).
-6
Let p(j) = -j**2 - 10*j + 10. Let c = 21924 - 21932. What is p(c)?
26
Let m(l) = -19*l**2 + 56*l**2 + l**3 + 32462*l - 32442*l + 29 + l**3. Determine m(-18).
-7
Let d(o) be the second derivative of o**5/20 + 7*o**4/12 - 1857*o. Calculate d(-3).
36
Let j(d) = -d**2 - 6*d - 4. Let t(s) = -13*s + 126. Suppose z - 4*q + 10 = 0, 2*z + 0*q - 25 = -q. Let g be t(z). Give j(g).
4
Let z(t) = -2*t - 279. Let r(g) = -g - 155. Let x(d) = -9*r(d) + 5*z(d). Suppose -1 = 5*s - 16. Give x(s).
-3
Let h(f) = f**2 - 18*f - 489. Suppose -464 - 2209 = -27*x - 54*x. Determine h(x).
6
Let w = -149 + 62. Let q = w - -87. Let u be 12*(2 + q)/(8/(-2)). Let a(n) = n**2 + 6*n + 6. Determine a(u).
6
Let m(h) = 68*h - 10. Let l(j) = 54*j - 13. Let o(f) = -3*l(f) + 2*m(f). Determine o(0).
19
Let r(c) be the second derivative of 1/2*c**2 + 0 - 111*c - 1/3*c**3. Let s be (-2*(-2 - -1))/(-1). Calculate r(s).
5
Let a(h) = 7*h + 125. Let u = -1256 + 1239. Give a(u).
6
Let t(g) = -g + 4. Let w be -1*43 + 13/((-130)/50). Let b(l) = -l**3 + 9*l**2 - 7*l + 4. Let o be b(7). Let u = o + w. What is t(u)?
-1
Let g(f) be the third derivative of -f**5/60 - f**4/8 - 508*f**2. Give g(3).
-18
Suppose -6 = -2*s, 2*s + 12 = d + 19. Let a(l) = -10*l + 16. What is a(d)?
26
Let g(v) = 30*v + 8. Let u(c) = -112*c - 30. Let m(w) = -22*g(w) - 6*u(w). Determine m(3).
40
Let k(s) be the second derivative of s**4/12 - 13*s**3/6 + 746*s. Let a be 25/2 - (-2)/4. What is k(a)?
0
Let o(r) = -67 + 22 + r + 21 + 8. Let k = 559 + -550. Give o(k).
-7
Suppose 7475 - 7343 = 44*k. Let d(i) be the first derivative of -1/2*i**2 - 19/4*i**4 + 31 - i + 0*i**k. What is d(-1)?
19
Let t(g) = -22*g - 5. Let u = 366 + -366. Let c be t(u). Let r(b) = -5*b - 17. Determine r(c).
8
Let b(o) = -o**2 + 13*o - 8. Suppose 52*w = -40*w - 38*w + 42*w. Determine b(w).
-8
Let m(w) = w**3 + 10*w**2 + 7*w - 13. Let n be 1134/(-270)*5/3. Calculate m(n).
85
Let g(r) = 4*r**3 + 10*r**2 + 16*r - 78. Let z(a) = -5*a**3 - 11*a**2 - 18*a + 92. Let l(m) = -6*g(m) - 5*z(m). Calculate l(6).
8
Let l(f) = -f**2 - 5*f - 2. Suppose -68 = x + q + 2*q, 4 = 4*q. Let a = -78 - x. Calculate l(a).
-16
Let u(z) = 4*z + 3. Suppose 9*y = 58 - 22. Let k be 1 - -3*(-4)/y - -8. Give u(k).
27
Let q(r) be the third derivative of 5*r**4/24 + 17*r**3/6 + 53*r**2 - 19*r. Give q(-9).
-28
Let i(r) = -r**2 - 28*r - 203. Let c(j) = 128*j + 1011. Let v be c(-8). Give i(v).
-8
Let p be (3*1 - (0 + -5))/2. Let y be p*-4*(-2)/48*3. Let c(t) = 0*t**2 - 35*t + t**3 - y + 32*t + 8*t**2. Determine c(-8).
22
Suppose z + 2*t - 32 = 0, -2*z + 0*t - 3*t + 62 = 0. Suppose 7*k - z = -0*k. Let h(x) = x - 1. What is h(k)?
3
Let c be (210/(-1365))/(-2*(-1)/(-52)). Let b(d) be the second derivative of -7/6*d**3 + 8*d + 0 - 6*d**2 + 1/12*d**c. Give b(9).
6
Suppose -4 = -s + 6. Suppose 2*g - g = 4*y - s, y = 5*g - 7. Let z(q) = -g*q - 797 + 3*q + 790. Calculate z(7).
0
Let c(w) = 2*w + 29. Let r(y) = y**2 + 53*y - 2172. Let d be r(27). Give c(d).
5
Let f(a) = -a**2 - 25*a + 17. Let l = 27542 + -27569. What is f(l)?
-37
Let w(q) = 21